z = -1 - l. What is the remainder when 73 is divided by z?
13
What is the remainder when 68 is divided by 108/((-12)/3)*16/(-24)?
14
Suppose 10*f - 15 = 5*f. Suppose -2*k = 2*r - 104, f*r + k - 162 = -0*r. Let l = 27 - -2. Calculate the remainder when r is divided by l.
26
Suppose 4*p = -4*k + 264, 3*k - 5*p + 0*p = 174. Suppose 0 = 6*a - 2*a - 136. What is the remainder when a is divided by ((-8)/(-18))/(-2) + 770/k?
10
Suppose -59*j + 140 = -54*j. Let m = 130 - 48. Calculate the remainder when m is divided by j.
26
Let y(i) = 10*i**2 + 17*i + 30. Calculate the remainder when 183 is divided by y(-2).
3
Let d = -35 + 40. Suppose 0 = n - 2*n + f + 15, -3*n + 45 = -d*f. What is the remainder when n is divided by 6?
3
Let p = 37 - 12. What is the remainder when p is divided by (90/5)/6 - 8/(-2)?
4
Let p = 141 + -126. Calculate the remainder when 733 is divided by p.
13
Suppose -3*j = 69*c - 65*c - 1762, -2205 = -5*c - 5*j. Calculate the remainder when c is divided by 12.
7
Suppose z + 26 = -2*z - 2*f, 0 = 2*z - 4*f - 4. Let k(j) = -j. What is the remainder when k(z) is divided by 4?
2
Suppose 2*z + 5*z - 21 = 0. Suppose 0 = -q + 2*m + 5, z*q - 17 = -m + 33. Calculate the remainder when 59 is divided by q.
14
Let b be -11 + (-15)/(-12)*4. What is the remainder when 59 is divided by (b/(-8))/((-16)/(-448))?
17
Let u(m) = 1. Let r(t) = -t**3 - 18*t**2 + 18*t + 17. Let x(f) = r(f) - 6*u(f). What is the remainder when 116 is divided by x(-19)?
26
Let g(t) be the third derivative of t**4/12 - 8*t**3/3 + 14*t**2. What is the remainder when g(19) is divided by 13?
9
Let o(l) = 8*l. Let x be o(3). Let b = 24 - x. Suppose 2*h + 2*y - y - 12 = b, 3*h = y + 18. What is the remainder when 17 is divided by h?
5
What is the remainder when (-1722)/(-5) - (11 + 406/(-35)) is divided by 44?
37
Let d(y) = 10*y**3 - 5*y**2 + 6*y - 3. Calculate the remainder when d(2) is divided by 27.
15
Let s = -60 + 88. Let z(c) = -c**2 + 110. Suppose -4*o - 2*y = -8, -2*o - 5*y = o - 20. What is the remainder when z(o) is divided by s?
26
Let z(f) = -17*f**3 - f**2 - 2*f + 1. Let k be z(-3). Suppose 13*b = -184 + k. What is the remainder when b is divided by 8?
5
Let h(f) = -f**2 + 18*f - 19. Let o = 37 - -40. What is the remainder when o is divided by h(16)?
12
Let i = 129 - 16. Let w = -83 - i. Let u = w - -290. What is the remainder when u is divided by 24?
22
Let q(k) = -77*k - 9. Let r be q(-2). Let f = 177 - r. What is the remainder when 94 is divided by f?
30
Suppose -p = 5*f - 412, 4*f + 5*p = 148 + 190. What is the remainder when f is divided by ((-1071)/(-441))/(2/14) + 1 + -1?
14
Suppose -3*g + 0*h = -5*h - 89, 31 = g - h. What is the remainder when 230 is divided by g?
32
Suppose -4*j + 24 - 8 = 0. Calculate the remainder when (51/(-6))/((-1)/2) is divided by j.
1
Let f be ((-2)/4)/((-10)/(-8))*15. Calculate the remainder when 81 is divided by (-12 - 44)*f/8.
39
Calculate the remainder when 32 is divided by (59 - 8)*8/24.
15
Let w(a) = a**2 - 5. Suppose 195 + 45 = 4*f. What is the remainder when f is divided by w(6)?
29
Suppose 1261 = 92*g - 1039. Let v = -106 - -202. What is the remainder when v is divided by g?
21
Let d(a) = -43*a - 1975. What is the remainder when d(-47) is divided by -2*(-1)/((-2)/(-12))?
10
Let x(t) = t**3 + 5*t**2 - 7*t - 5. Let f be (-2 - -8) + (-18)/6. Suppose -3*l - 1 = -2*s - 14, -14 = s - f*l. What is the remainder when x(-6) is divided by s?
0
Let z(f) = -20*f + 34. Calculate the remainder when 517 is divided by z(-2).
73
Suppose 2*j - 2017 = -1733. Suppose f + 4*f - 176 = -4*v, 0 = -2*f + 3*v + 75. Calculate the remainder when j is divided by f.
34
Suppose -3*g + w + 1789 = 0, -g - 5*w = -304 - 319. Calculate the remainder when g is divided by 30.
28
Let x(i) = -i**3 + 12*i**2 + i - 27. Let m be x(12). Suppose k - 2 = 1. What is the remainder when -9*1/((-5)/m*-3) is divided by k?
0
Calculate the remainder when -7*((-946)/129)/((-4)/(-42)) is divided by 20.
19
Let m be 6*(0 - 2/(-4)). Let c be 45/(-6)*2/m. What is the remainder when 24/(c/((-60)/8)) is divided by 13?
10
Let g(d) = -20*d + 24*d + 1 - 2. Let q(h) = 4*h - 1. Calculate the remainder when g(3) is divided by q(2).
4
Let c be (8/10)/(4/10). Let w(l) = -l - 4*l + c*l + 9*l. What is the remainder when 8 is divided by w(1)?
2
Suppose -3*h + 23 = 5*r, -4*h - 13 + 9 = -2*r. Suppose -3*d - 6*i = -3*i - 72, d + 5*i = r. Calculate the remainder when 172 is divided by d.
27
Suppose 2*q = 2 + 4. Suppose -67 = -2*b - q*f, 5*f - 90 = -5*b + 85. Calculate the remainder when 112 is divided by b.
36
Let x(w) = 4*w**2 - 2*w - 1. Let n = -49 - -48. What is the remainder when 6 is divided by x(n)?
1
What is the remainder when (-760)/(-19) + (-1 - 0) is divided by 10?
9
Suppose -16 = s - 108. Suppose 8*w - 1032 = -152. Let u = 129 - w. Calculate the remainder when s is divided by u.
16
Calculate the remainder when ((10/1 - 5)*-9)/(-1) is divided by 17.
11
Let w = -37 + 29. Let m(c) be the second derivative of -c**3/6 - c**2 + 2*c. What is the remainder when 22 is divided by m(w)?
4
What is the remainder when 1144/715 - (-6164)/10 is divided by 26?
20
Let l(o) be the second derivative of 5*o**4/12 + o**3/2 - o**2/2 - 6*o. What is the remainder when l(-4) is divided by -1*1*(-8 + -6)?
11
Let b(p) = 26*p**3 + 1. Suppose 18*z - 148 = -22. What is the remainder when b(1) is divided by z?
6
Let d(h) = 14*h - 54. What is the remainder when 113 is divided by d(8)?
55
Suppose -3*v + 646 = 16*v. Calculate the remainder when 271 is divided by v.
33
Let i = 7 + 1. Suppose 4 + i = 4*s. Suppose g - 5*g + s*z + 12 = 0, 5*z - 12 = -4*g. What is the remainder when 3 is divided by g?
0
Let z(c) = c**3 + 31*c**2 - 71*c - 144. What is the remainder when 185 is divided by z(-33)?
17
Let x(u) be the second derivative of u**5 - 31*u. What is the remainder when x(1) is divided by 7?
6
Calculate the remainder when 1290 is divided by 76*((-60)/6)/(-10).
74
Let f = -147 - -165. What is the remainder when f is divided by 13?
5
Let r(v) = 6*v**2 - 44*v - 1. Calculate the remainder when 371 is divided by r(8).
30
Let g(x) = x**2 - 2*x + 1. Let k be g(5). Let p = k + 8. Let m(d) = -d**2 - 10*d + 16. Calculate the remainder when p is divided by m(-11).
4
Suppose 0*m + 8778 = 38*m. Calculate the remainder when m is divided by 39.
36
Suppose -6*c + 2*c = 44. Let o = -8 - c. Suppose o*q = -4*i + 16, 5*i + 0*i + 11 = 4*q. What is the remainder when 13 is divided by q?
1
Suppose 3*m = -3*h + 30, 0*h - 2 = h - 2*m. Let r(s) = -s**2 + 8*s - 2. Calculate the remainder when 19 is divided by r(h).
9
Suppose 0 = 37*f - 35*f - 360. What is the remainder when f is divided by 61?
58
Let b = 1 - -3. Suppose -b*y - 3*h = -0 - 226, 5*h + 100 = 2*y. What is the remainder when y is divided by 8?
7
Let y be -7 - (-3 - (3 + -5)). Let a be 2 - (-2 + 2 - y). Let u(j) = 3*j**2 + j + 8. What is the remainder when u(a) is divided by 18?
16
Suppose -24*h = 20*h - 968. What is the remainder when 834 is divided by h?
20
Let l = 905 + -733. What is the remainder when l is divided by 39?
16
Let l(h) = -h**2 - 9*h - 3. Let d be l(-8). Suppose -d*i - 2*i + 35 = 0. Suppose -i*k - 5 + 15 = 0. What is the remainder when k is divided by 2?
0
Suppose -5*p + 3*p = 4*x - 698, 0 = 4*x - 3*p - 683. What is the remainder when x is divided by 34?
3
Suppose -6*p + 2*p + 22 = 3*v, 4*v + p - 12 = 0. Let y = v - -3. Let q = 13 - y. Calculate the remainder when 23 is divided by q.
7
Let j(t) = t**3 + 12*t**2 - 24*t - 89. What is the remainder when j(-13) is divided by 1/(-2) - 29/(-2)?
12
Suppose 4*y + j - 19 - 16 = 0, 4*j + 4 = 0. Calculate the remainder when (-2)/(2/(-76)*4) is divided by 12 + 1 + y/(-3).
9
Let b = -337 - -386. What is the remainder when 289 is divided by b?
44
Let x(p) = -2 + 4 - 11 - 8 - 18*p. Let m(l) = 2*l**2 - l - 2. What is the remainder when x(-3) is divided by m(3)?
11
Let p = -485 + 533. Calculate the remainder when p is divided by 25.
23
Let s = 5 - 10. Let k = s + 16. Let o = 7396 + -7392. Calculate the remainder when k is divided by o.
3
Suppose 2*z - 36 = -f + 3, 0 = -4*f - 3*z + 176. What is the remainder when f is divided by 12?
11
Suppose 8*y - 6*y = -10. Let z = y + 25. Suppose -4*h + 32 = 4. What is the remainder when z is divided by h